 -40) + -1 + -6?
2
What is the value of -1 + 5 + (-2 - 3)?
-1
What is the value of 7 - (-6 - (-7 - 1))?
5
What is (-3 - 2) + 9 + -2?
2
What is the value of 2 + 1 + 0 + (-12 - -15)?
6
What is the value of 0 - (4 - (4 + -3 + -1))?
-4
Calculate (-14 - -14) + -16 + 5.
-11
11 + 0 + 1 - 6
6
Evaluate 0 - (1 + (-5 - -2 - -6)).
-4
-34 - -26 - (0 - (7 + 1))
0
What is the value of -8 + 4 + (1 - -8)?
5
What is the value of 2 + -3 + 0 - (-10 + 11)?
-2
-7 + -4 - -2 - (4 - 7)
-6
Calculate -1 + (-10 - (1 - (-3 + 9))).
-6
What is (-4 - -6) + (-2 - 2) + 4?
2
Calculate -5 - (-1 + 4 + -7).
-1
Calculate 5 - 9 - 4 - -11.
3
What is 4 + 0 + -4 - 1?
-1
(-1 - -6) + (-14 - 1 - -5)
-5
What is (-1 - (-1 - 1)) + 4?
5
Evaluate 5 + (-5 + -1 - -2).
1
Evaluate -1 + 2 + -3 + -2.
-4
What is 3 + 5 + -1 + -5?
2
What is the value of 4 - 5 - 4 - -1?
-4
3 + -1 + 2 + -6
-2
Evaluate -5 + 8 + (4 - 11).
-4
What is -1 + 2 + -2 + -4?
-5
27 + -7 + (-13 - -3)
10
Evaluate (-2 + -2 - -9) + (-5 - -5).
5
-2 + -2 + 2 + 3
1
What is the value of (0 - (-4 + 1)) + 33 + -32?
4
-2 + 5 + (5 - (13 - 2))
-3
-2 + (7 - 1 - 0) - -2
6
1 - (-2 - (-7 + 4)) - -1
1
Calculate 5 - (1 + 5 + 0 + -5).
4
What is -3 + 1 - (-7 + -5 + 7)?
3
-1 + (-1 - -6) - (-323 + 323)
4
1 + 5 + 0 - 7
-1
(15 - 14) + 1 + -2
0
Calculate 3 - (1 - (0 - 1)).
1
Evaluate -6 + -1 + (1 - (-3 - -2)).
-5
Evaluate (-4 - (-1 + -3)) + 0.
0
What is the value of -3 - (2 + (-12 - -3))?
4
What is -5 + (9 - 5) + 0?
-1
Evaluate -1 - -2 - 3 - (-4 + 1).
1
(6 - (1 + (5 - 5))) + -3
2
Calculate 52 - 42 - (6 - -2).
2
Evaluate (7 - (0 - 3)) + -9.
1
-6 + (-2 - -4) - 1
-5
-17 + 17 - (-1 - 1)
2
What is -4 + 1 + (8 - (1 + 5))?
-1
Evaluate 7 + -6 - (1 + 4 + 0).
-4
(4 - 1 - -1) + -1 + 0
3
What is (0 - (3 - 8)) + 0?
5
Evaluate -8 - -2 - (-7 + -2).
3
What is 2 + -1 + (21 - 26)?
-4
What is -6 + 2 + (1 - -6)?
3
What is the value of 6 + -4 + -2 - -4?
4
What is 0 + -3 - (-2 - (4 - 3))?
0
What is -37 - -30 - (2 + -4)?
-5
What is -5 + 0 + 6 + -1?
0
Evaluate -9 - ((-3 - -1) + -9).
2
Calculate 10 + -13 + (-2 - -1).
-4
Calculate 10 + -7 - (-2 + 0 + 8).
-3
What is the value of -2 - (-5 + 7 + -8)?
4
What is 4 - (9 + -10 + (-2 - -5))?
2
1 + 1 + -3 + 2
1
What is the value of (-6 - (-12 - 0)) + -3?
3
What is the value of -6 - (-2 - 7) - (8 - -2)?
-7
Calculate (-5 - -2) + 4 - (1 - 1).
1
(3 - 7 - (0 - 0)) + 7
3
Calculate (1 + -4 - (-8 + 3)) + 1.
3
Calculate 1 + 4 + -7 - -7 - 2.
3
What is -3 - (-4 - (1 + 3))?
5
Calculate 0 - (7 - -8 - 11).
-4
What is the value of -2 + (-8 + -1 - -19)?
8
Evaluate 3 - (0 - 6) - (5 - 0).
4
Calculate -23 - -25 - (-1 - -1).
2
8 - (4 - (-14 + 11))
1
What is the value of (3 - (-3 + 4)) + (2 - 5)?
-1
Calculate (0 - 2) + (24 - 23) - -2.
1
What is -3 - (2 + 0 - 2)?
-3
What is the value of (-9 - -12) + (4 - -2) - 9?
0
5 + (-8 - -2) + -4 + 2
-3
What is the value of 8 - (-6 + (-1 - -8))?
7
What is the value of 3 + -6 + 2 + 3 + -3?
-1
Calculate (2 - -4) + (6 - 12 - 8).
-8
What is the value of -15 - (2 + -6 - 4)?
-7
What is the value of -4 - 1 - (-89 + 83)?
1
Evaluate 11 + (3 + 4 - 15).
3
-7 + 5 + 0 + (7 - 5)
0
(-4 - -6) + -4 + 1 - 5
-6
Calculate -3 - (6 + -4 + -1).
-4
What is the value of -3 + 7 + -9 + 13?
8
Evaluate 12 - (0 - -5) - (1 - -2).
4
Evaluate -6 + -4 + (30 - 18).
2
What is (-1 - (5 - (5 + -1))) + 8?
6
Calculate -4 + -6 - 2 - -12.
0
Calculate 1 + -10 + (0 - 0 - -3).
-6
Calculate 8 + -3 - (-15 + 20).
0
(11 + -18 - -10) + (1 - 2)
2
Evaluate -7 + -3 + 3 - (0 - 4).
-3
-9 + 2 + (59 - 60)
-8
Evaluate (-1 - (3 + -2 + -7)) + -2.
3
-4 + (-2 + 6 + -2 - 3)
-5
Calculate -5 - (3 + 3) - (-2 + -4).
-5
Calculate -6 + 1 - (7 + -4 + -3).
-5
What is the value of 0 - (-3 + 2 - -3) - 3?
-5
Evaluate (9 - 8) + (-1 - (0 - -1)).
-1
What is (0 + (3 - -2) - -5) + -5?
5
What is 1 - (-5 - -3) - (-8 + 5)?
6
What is the value of 4 - (-4 - 0 - -13)?
-5
Evaluate -1 + 6 - (0 + 2 + -4).
7
What is -1 - (-5 - (-6 - -4) - 1)?
3
Evaluate (8 - 14) + 2 - (0 - 1).
-3
5 - (-3 - -2) - (-18 + 23)
1
8 - (17 + (2 - (2 - -7)))
-2
What is (-5 - (3 + -13)) + (-1 - 5)?
-1
Evaluate -5 + -3 - (-1 + 2 - 7).
-2
What is the value of (3 - -8) + -3 + -3 + 5?
10
Evaluate (-8 - (-4 + 7 - 0)) + 6.
-5
Evaluate 5 + -3 + 2 + -11 + 2.
-5
What is the value of 14 + -2 + -13 + 1 + -5?
-5
What is the value of 5 - (4 - (3 - -4) - -3)?
5
Calculate -1 - (6 - (7 + -2)) - 2.
-4
What is the value of 0 + (-6 + 9 - 0 - 6)?
-3
What is 0 + 2 + 2 + (-132 - -126)?
-2
-1 - (3 + (-3 - 0))
-1
What is the value of 8 + -3 + -6 - -3?
2
What is -3 - -2 - (-7 + 7)?
-1
-22 - (-9 - 6) - (1 + -3)
-5
Calculate 2 + 5 + 2 + (-1 - 4).
4
(-2 - -7) + -6 + (10 - 7)
2
What is 5 + 0 - -1 - 4?
2
Evaluate -22 + 22 + -2 + 1 - 2.
-3
Evaluate -1 - (-1 - 3) - (0 + 3).
0
Evaluate 2 + -11 + 2 + 3.
-4
-24 - (-26 - -13) - -18
7
What is 0 - 1 - (-16 + 13) - 4?
-2
What is 2 - (1 + -2 - (-8 - -9))?
4
Evaluate 3 + (-6 - -1) + -7 + 5.
-4
What is the value of -9 - -7 - (-1 - 1)?
0
What is the value of 0 + -2 + 7 + (-1 - 5)?
-1
-11 - (-8 + 4 - 7)
0
What is 0 + -3 + 10 + -13?
-6
Evaluate -6 + (3 - -2) - 4.
-5
Calculate (5 - 3 - 6) + 6.
2
Evaluate -2 + -6 + -2 - -6.
-4
What is 1 + (-4 - -3 - -2) + -3?
-1
-20 + 16 + -1 + -1 - -4
-2
Evaluate 14 + -1 - 6 - (6 + -1).
2
What is the value of 0 - -2 - (-2 - 1)?
5
-118 + 125 - (8 - 1)
0
Calculate -3 + 1 + (8 - (8 + -1)).
-1
What is the value of -4 + 15 + (-8 + -6 - -7)?
4
Evaluate 16 + -12 + 4 - 7.
1
Evaluate 0 - (7 + 5 - 13).
1
What is the value of 13 + 9 + (-3 - 13)?
6
Evaluate 10 - (3 - -15) - (-2 + -4).
-2
Evaluate (0 - -2) + 20 + -16.
6
Evaluate (-1 - -2) + 0 - -1.
2
-21 - -17 - (-4 - -1) - -4
3
Evaluate 2 - -1 - (-16 + 17).
2
Evaluate -2 + 6 - (0 + 1 + -1).
4
Calculate (2 - -8 - 4) + -3 - 10.
-7
-2 - (3 + -8 - 0)
3
Calculate 0 + (0 - ((5 - 0) + -3)).
-2
Calculate -1 + (9 - (-4 - -9)).
3
Evaluate -3 + 3 + (5 - 10).
-5
What is -1 + 6 - 8 - (-2 + 0)?
-1
Evaluate (-7 - -8) + -3 + 1.
-1
Calculate -4 + (12 - (-1 - -7)).
2
Evaluate -12 + 13 - 4 - (2 - 5).
0
What is the value of 1 + (1 + -5 - (2 + -6))?
1
What is the value of 3 - 2 - (-1 - -8)?
-6
3 - 5 - (4 - 13)
7
What is -4 - -5 - -13 - 5 - 4?
5
Calculate 2 + (0 - (5 - 14)) + -5.
6
What is the value of -2 + 0 + -8 + 15 - 6?
-1
Evaluate -6 + -1 + 3 - -6.
2
Calculate 4 + (5 - (10 - 3)).
2
Evaluate (-6 + 11 - 10) + 10.
5
Evaluate -3 + 2 + (16 - (-2 + 20)).
-3
What is the value of (-22 - -1) + 9 - -8?
-4
What is the value of (15 - 12) + 3 + 0 + -2?
4
2 + 0 - (-3 + 1)
4
What is the value of 2 - 6 - (0 - 5)?
1
What is the value of 12 - 16 - (-3 - -2)?
-3
What is 0 + -10 - (10 + 0 - 14)?
-6
What is 6 + -7 + 7 + -6?
0
What is the value of 14 - (10 - 15 - -9)?
10
Calculate (-1 - -3) + (-3 - 5) + 8.
2
1 + -1 + (0 - (-5 - -2))
3
Calculate 0 - (-4 + -5 + 9).
0
What is (2 - -1) + -5 + (-12 - -11)?
-3
Calculate 15 + 9 + -10 + -11.
3
Calculate -4 + (2 - (-4 - (-2 + -1))).
-1
Calculate (-2 + 5 + 0 - 2) + -1.
0
What is 1 + (4 - (5 - -4) - 6)?
-10
Evaluate 3 + -6 + 10 + -1.
6
What is 5 + (2 - (8 - 4))?
3
-1 - 2 - (-3 + (1 - -2))
-3
6 - ((1 - -2) + 0)
3
What is -2 + (12 - (6 + -5)) + -5?
4
Evaluate 3 + (7 - (-1 - -7)).
4
What is 3 - 2 - ((1 - 1) + 2)?
-1
What is the value of -3 - (3 + -1 + (3 - 4))?
-4
What is -1 - 4 - 6 - (-8 - -3)?
-6
Evaluate -7 + 4 - 10 - -16.
3
5 + (-5 - (-1 + -2)) - -2
5
-1 + 9 + 0 + -5
3
Calculate -8 - (0 - (3 + 1)).
-4
Evaluate 9 + -19 + 22 + -2.
10
What is -2 + 5 + 0 + 4 + -3?
4
Evaluate 9 + -12 - -8 - (1 - -2).
2
Calculate 1 - 5 - 4 - -3.
-5
(25 - 20 - -3) + -1 + 3
10
Evaluate 9 - (3 + -6 - -7).
5
Evaluate 20 - (13 - 2) - 5.
4
Evaluate -1 - 4 - (11 - 16).
0
What is the value of (4 - (8 + 2)) + 8 - -7?
9
What is the value of 9 + -2 - (11 + 1)?
-5
13 - (13 + -14 + 8)
6
-2 - 3 - (6 - 6)
-5
What is the value of 3 - (5 - 1) - -2?
1
(7 - -6) + -5 - 3
5
(-7 - 0) + 1 - -8
2
Calculate -14 - (-3 + -10 + 6).
-7
Calculate 5 + (-5 + -2 - -7).
5
(-1 - (7 - 5)) + 5
2
Calculate (-4 - -1) + 3 + -4.
-4
Evaluate -5 - (1 + (-8 - -1 - 4)).
5
Evaluate 5 + -3 + -6 - (-7 + 0).
3
What is the value of -14 - -20 - (3 - 1 - -2)?
2
-6 + 10 - -4 - 13
-5
Evaluate (1 + -4 - 0) + (-297 - -305).
5
What is the value of -9 + (-18 - -10) + 18?
1
Evaluate (10 - 8) + (1 - 4).
-1
What is (-4 - -5 - (4 + -2)) + -4?
-5
-2 - (-5 - (-15 - -10))
-2
Calculate 4 - 0 - (-9 - (-1 - 11)).
1
Calculate -10 + 2 - (-3 + -2 